he ten thousands digit of 381370005?
7
What is the units digit of 205272442?
2
What is the hundreds digit of 250541610?
6
What is the hundred thousands digit of 919053417?
0
What is the hundred thousands digit of 375147027?
1
What is the tens digit of 2285395812?
1
What is the ten thousands digit of 557362718?
6
What is the millions digit of 1267317?
1
What is the hundreds digit of 43964399?
3
What is the ten millions digit of 604621561?
0
What is the hundred thousands digit of 47037424?
0
What is the hundred millions digit of 1894490108?
8
What is the units digit of 918059089?
9
What is the tens digit of 55031251?
5
What is the ten millions digit of 82230505?
8
What is the tens digit of 24682651?
5
What is the ten thousands digit of 983787662?
8
What is the units digit of 5753673678?
8
What is the hundred thousands digit of 1745968269?
9
What is the units digit of 144696895?
5
What is the hundred thousands digit of 42710125?
7
What is the ten thousands digit of 743588586?
8
What is the tens digit of 2551626?
2
What is the ten thousands digit of 505475?
0
What is the ten thousands digit of 12696967?
9
What is the hundreds digit of 5917806109?
1
What is the hundred millions digit of 4645245234?
6
What is the hundred millions digit of 4366531893?
3
What is the hundred thousands digit of 369609529?
6
What is the ten thousands digit of 290741501?
4
What is the hundreds digit of 727642067?
0
What is the units digit of 2246289464?
4
What is the units digit of 34338621?
1
What is the thousands digit of 44142396?
2
What is the hundred millions digit of 209071240?
2
What is the ten millions digit of 4932928020?
3
What is the millions digit of 93349436?
3
What is the billions digit of 4938050704?
4
What is the units digit of 2490339305?
5
What is the millions digit of 77655883?
7
What is the tens digit of 119775604?
0
What is the units digit of 210142238?
8
What is the thousands digit of 978739598?
9
What is the ten millions digit of 11962180?
1
What is the hundreds digit of 409071491?
4
What is the ten thousands digit of 9973406?
7
What is the millions digit of 29787871?
9
What is the hundred millions digit of 313960278?
3
What is the hundreds digit of 32772719?
7
What is the thousands digit of 103043367?
3
What is the units digit of 1475602800?
0
What is the hundreds digit of 168458867?
8
What is the hundreds digit of 103578114?
1
What is the ten millions digit of 525828692?
2
What is the ten millions digit of 8477877248?
7
What is the hundreds digit of 175858877?
8
What is the thousands digit of 4969182111?
2
What is the thousands digit of 68078667?
8
What is the ten thousands digit of 67607143?
0
What is the hundreds digit of 3747598981?
9
What is the units digit of 276753699?
9
What is the units digit of 2281613179?
9
What is the ten thousands digit of 286597865?
9
What is the thousands digit of 1324029835?
9
What is the hundreds digit of 242433715?
7
What is the ten thousands digit of 59082914?
8
What is the hundred millions digit of 6997636671?
9
What is the hundreds digit of 104526438?
4
What is the millions digit of 6275614933?
5
What is the millions digit of 634796617?
4
What is the hundred millions digit of 1258429782?
2
What is the thousands digit of 96052458?
2
What is the hundred millions digit of 4869968465?
8
What is the ten millions digit of 105253103?
0
What is the ten thousands digit of 10320318?
2
What is the ten millions digit of 384158970?
8
What is the units digit of 48161780?
0
What is the hundreds digit of 389468692?
6
What is the hundred thousands digit of 868012?
8
What is the hundred millions digit of 7257535883?
2
What is the units digit of 9288956?
6
What is the ten thousands digit of 343532781?
3
What is the hundred thousands digit of 415508415?
5
What is the millions digit of 3723987766?
3
What is the thousands digit of 66924942?
4
What is the millions digit of 8521079?
8
What is the tens digit of 2842720?
2
What is the ten thousands digit of 37668296?
6
What is the hundred thousands digit of 68404265?
4
What is the tens digit of 132549518?
1
What is the ten thousands digit of 229283465?
8
What is the units digit of 270553281?
1
What is the tens digit of 99935767?
6
What is the ten millions digit of 99586758?
9
What is the hundred millions digit of 5666367833?
6
What is the hundred millions digit of 148504161?
1
What is the thousands digit of 263275287?
5
What is the tens digit of 1247099220?
2
What is the tens digit of 2148224254?
5
What is the hundreds digit of 543763688?
6
What is the ten thousands digit of 748479738?
7
What is the tens digit of 2816721742?
4
What is the ten millions digit of 45920715?
4
What is the ten millions digit of 710196608?
1
What is the hundred millions digit of 116970647?
1
What is the ten thousands digit of 110474566?
7
What is the hundreds digit of 5260504970?
9
What is the tens digit of 42362434?
3
What is the millions digit of 170828563?
0
What is the hundred millions digit of 254840665?
2
What is the hundreds digit of 36523858?
8
What is the millions digit of 131702502?
1
What is the tens digit of 2983261900?
0
What is the ten thousands digit of 5136061?
3
What is the thousands digit of 100600570?
0
What is the tens digit of 6670889096?
9
What is the millions digit of 1492024849?
2
What is the ten millions digit of 213862511?
1
What is the thousands digit of 527613377?
3
What is the units digit of 387819927?
7
What is the ten thousands digit of 13637365?
3
What is the hundred millions digit of 2179298347?
1
What is the ten millions digit of 484719689?
8
What is the ten millions digit of 26610037?
2
What is the millions digit of 1383905?
1
What is the ten thousands digit of 63003236?
0
What is the ten millions digit of 696467225?
9
What is the units digit of 25544905?
5
What is the millions digit of 66039640?
6
What is the hundred thousands digit of 217443598?
4
What is the millions digit of 10295816?
0
What is the thousands digit of 194195171?
5
What is the hundred thousands digit of 639227199?
2
What is the ten thousands digit of 207408258?
0
What is the tens digit of 122469293?
9
What is the hundred thousands digit of 25174451?
1
What is the tens digit of 9105579457?
5
What is the hundred millions digit of 263341491?
2
What is the hundreds digit of 46872593?
5
What is the ten thousands digit of 129588319?
8
What is the units digit of 162935178?
8
What is the units digit of 331370298?
8
What is the hundred thousands digit of 75213612?
2
What is the hundreds digit of 1264716939?
9
What is the hundreds digit of 33137887?
8
What is the hundred thousands digit of 1002524927?
5
What is the thousands digit of 40111971?
1
What is the hundreds digit of 7905948?
9
What is the thousands digit of 2605876001?
6
What is the hundred millions digit of 6165900874?
1
What is the thousands digit of 760840?
0
What is the ten thousands digit of 63455547?
5
What is the thousands digit of 58520701?
0
What is the ten thousands digit of 3289402912?
0
What is the tens digit of 204929622?
2
What is the ten thousands digit of 25616520?
1
What is the hundreds digit of 93234437?
4
What is the tens digit of 3585524863?
6
What is the millions digit of 4067033170?
7
What is the units digit of 743880776?
6
What is the thousands digit of 914416601?
6
What is the hundred millions digit of 6477869835?
4
What is the hundreds digit of 1343029060?
0
What is the ten thousands digit of 28689032?
8
What is the hundred millions digit of 229378132?
2
What is the ten thousands digit of 949640406?
4
What is the units digit of 1004639070?
0
What is the ten thousands digit of 193726138?
2
What is the millions digit of 13865805?
3
What is the millions digit of 283613097?
3
What is the ten millions digit of 19426569?
1
What is the millions digit of 1478341232?
8
What is the tens digit of 64723975?
7
What is the millions digit of 39158889?
9
What is the ten millions digit of 208539093?
0
What is the ten millions digit of 17247165?
1
What is the millions digit of 793515454?
3
What is the units digit of 1097918984?
4
What is the ten thousands digit of 237135125?
3
What is the units digit of 554353207?
7
What is the millions digit of 87118192?
7
What is the millions digit of 2049959242?
9
What is the thousands digit of 1083405167?
5
W